 factors of t(f).
3, 7, 13
Suppose 0 = -3*m + 6*m - 24. Let l be 90/4 - 4/m. Suppose 4*h = 30 + l. What are the prime factors of h?
13
Let b(t) = -723*t - 1353. Let w(n) = 103*n + 193. Let c(y) = 4*b(y) + 27*w(y). List the prime factors of c(-6).
3, 5, 31
Let k(w) = -w**3 + 35*w**2 + 15*w + 115. List the prime factors of k(27).
2, 397
Let o = 20 + 15. What are the prime factors of ((-56)/o)/(-2 - 1936/(-970))?
2, 97
Let q = -910 - -1382. Suppose k = 5*k + q. Let s = -67 - k. What are the prime factors of s?
3, 17
Let s(f) = -f**3 + 5*f**2 - 4*f - 1. Let w be s(3). Suppose 7*h - 41 = -27. Suppose -w = q, 2*q = g - h*q - 40. What are the prime factors of g?
2, 5
Suppose -q = 3*v - 6, -4*q - 2*v + 5*v - 21 = 0. List the prime factors of -5 + 298 + q - -4.
2, 3, 7
Suppose 5*r + w - 59875 = 0, 6*w - 3*w = 2*w. What are the prime factors of r?
5, 479
Suppose 6 = 3*m, 7*k + 43 = 8*k + 2*m. Let a(w) = -w**3 + 41*w**2 - 54*w - 87. List the prime factors of a(k).
3, 283
Let v = -1200 + 1825. What are the prime factors of v?
5
Let q(z) = 377*z - 1185. What are the prime factors of q(69)?
2, 3, 2069
Suppose -5*k = 2*w + 134, -2*k + 5*w = -5*k - 69. Let z = k - -175. What are the prime factors of z?
3, 7
Suppose -7*o + 15*o = 808. Let k = o + -97. Suppose -k*j - 508 = -5*z + 387, 3*z = j + 544. List the prime factors of z.
3, 61
Let v(c) be the second derivative of c**4/12 + 23*c**3/6 + 62*c**2 - 3*c - 13. List the prime factors of v(-26).
2, 101
Let j(q) = 45*q**2 - 31*q + 51*q**3 - 16*q**3 - 15*q**3 - 24 - 22*q**3. List the prime factors of j(21).
2, 3
Suppose -2*g = -3*m + 33978, -46*m + 2*g - 22662 = -48*m. List the prime factors of m.
2, 3, 59
Let b be (-14)/(-4)*5/((-15)/(-294)). Let h = 605 - b. Let z = -158 + h. List the prime factors of z.
2, 13
Let n(x) be the third derivative of -4*x**4 + 8*x**3/3 - 2*x**2 - 20. List the prime factors of n(-3).
2, 19
Let s(y) be the third derivative of 1/60*y**5 + 0 - 4/3*y**3 + 0*y - 5/24*y**4 + 7*y**2. List the prime factors of s(13).
2, 3
Let l(d) = 10*d + 118. Let n be l(-10). List the prime factors of ((-9)/n)/((-1)/428).
2, 107
Suppose -4*i + 111 + 109 = 0. Suppose 0 = -s + 57 - i. Suppose s*z = -2, 4*n + 37 = -5*z + 976. What are the prime factors of n?
2, 59
Let i = -7546 - -22630. What are the prime factors of i?
2, 3, 419
Let v = 41 + -17. Let l(h) = -h**2 - 24*h - 28. Let w be l(-22). What are the prime factors of v/w*(-296)/(-3)?
2, 37
Let f = -3118 - -31631. What are the prime factors of f?
28513
Suppose -853413 - 230733 = -42*q. What are the prime factors of q?
83, 311
Let w = 26 - 32. Let a(b) = -b**3 - 3*b - 9. Let c be a(w). Suppose 7*o - 2*o = c. List the prime factors of o.
3, 5
Let b = -61 + 68. Suppose -5*c - 15 = 3*u, -22 + b = -2*u + 5*c. Suppose -4*l = -2*i + 128, 0 = -4*i - u*l - 2*l + 216. What are the prime factors of i?
2, 7
Let f = 40 - -48. Suppose l + 125 = -f. Let x = -143 - l. What are the prime factors of x?
2, 5, 7
Let w(a) = a**3 + 2*a**2 - 3*a. Suppose 4*d = -11 + 19. Let x be w(d). What are the prime factors of (15/x)/(5/10)?
3
Let d be 1*(-9)/(-2)*6/9. Let f(a) = -5*a**2 + 13*a**3 + 17*a**d - 4*a - 2 - 31*a**3. What are the prime factors of f(-6)?
2, 29
Let d be ((8 + -6)*-1)/(4/22). Let b(p) = -27*p - 77. What are the prime factors of b(d)?
2, 5, 11
Suppose -233*v + 83464 = 4*m - 237*v, 0 = 2*m + 4*v - 41690. List the prime factors of m.
3, 17, 409
Let c(p) = 181*p + 40. Let y(r) = 363*r + 78. Let j(w) = -7*c(w) + 3*y(w). List the prime factors of j(-4).
2, 3, 37
Suppose 0 = -2*p - 4*n + 25482, 101*n = 5*p + 103*n - 63705. What are the prime factors of p?
3, 31, 137
Suppose 9*n - 11*n - 8 = 0. Let v(k) = 3*k + 16. Let q be v(n). List the prime factors of 708/18 + ((-12)/9)/q.
3, 13
Suppose i - 34 = -48. Let o(y) = y**2 - 7*y - 71. What are the prime factors of o(i)?
223
Suppose -6*p = 4*u - u - 10602, -5*u + 17694 = 4*p. Let z = -2522 + u. List the prime factors of z.
2, 3, 5, 17
Let b(i) = 407*i**2 - 4*i + 1. Let z(k) = -205*k**2 + 2*k. Let o(g) = -3*b(g) - 7*z(g). What are the prime factors of o(-2)?
857
Let g = 2208 - -3399. What are the prime factors of g?
3, 7, 89
Let x = -20 + 14. Let g = 6 + x. What are the prime factors of g + 66 + 4*-1?
2, 31
Suppose -6 = -h + 3*a, -h = -6*a + 7*a + 2. List the prime factors of (-2 - ((-162)/4 + h))*6.
3, 7, 11
Let s = -2169 + 9919. List the prime factors of s.
2, 5, 31
Suppose 3*a - 1 - 9 = p, 2*a - 4*p = -10. Suppose -2*m - 31 = a*c, -20 = 4*c + 6*m - 2*m. List the prime factors of 647/6 + c/(-42).
2, 3
Let d(h) = 2071*h**2 - 2*h + 5. List the prime factors of d(1).
2, 17, 61
Let v = 4779 + -3484. What are the prime factors of v?
5, 7, 37
Let s(b) = -b**3 + 39*b**2 - 100*b + 84. What are the prime factors of s(14)?
2, 7
Let x = 39001 + 33764. What are the prime factors of x?
3, 5, 7, 11
Let d = 24 - 21. Suppose d*m = -17 + 77. Suppose -17*t = -m*t + 90. List the prime factors of t.
2, 3, 5
Suppose 44 = d + 39. Suppose 4*t + 3*x - 1127 = 0, 3*t - 83 = -d*x + 765. What are the prime factors of t?
281
Let d(x) be the third derivative of 17*x**5/30 + 5*x**4/24 - 7*x**3/3 - 2*x**2 + 9. List the prime factors of d(3).
307
Suppose 0 = -11*z - 11*z + 31328. Let s = z + -570. What are the prime factors of s?
2, 7, 61
Let r be (736/120*6)/(2/55). Suppose -2*n = -2*h - r, -4*n - h - 3*h + 1992 = 0. List the prime factors of n.
2, 251
Let i(l) be the first derivative of 64*l**2 + l - 88. List the prime factors of i(1).
3, 43
Suppose -3*v = -5*v + 5834. Suppose 0 = -13*g + 2959 + v. What are the prime factors of g?
2, 113
Suppose p - 626 = 4*n, -5*n = -143 + 168. Let m = -18 - 333. Let c = p + m. List the prime factors of c.
3, 5, 17
Let d = 7746 - 5368. What are the prime factors of d?
2, 29, 41
Let i be 159/(-51) + 2/17 - -114. Let u = i - 57. List the prime factors of u.
2, 3
Suppose 0 = 2*p - o - 22158, -2*p + 119*o = 114*o - 22142. What are the prime factors of p?
7, 1583
Suppose k + 960 = 4427. Suppose 3*y - 5*a = 638 + 1437, 5*y - k = 4*a. List the prime factors of y.
5, 139
Suppose -22*g + 27*g - 2*q = -232, g + 5*q = -68. What are the prime factors of (-3)/(g/8)*668?
2, 167
Let o(g) = 36*g**2 - 18*g - 9. Let t be o(-14). Suppose 1661 + t = 7*y. What are the prime factors of y?
2, 5
Suppose 104*c + 14*c - 2181881 - 756201 = 0. What are the prime factors of c?
7, 3557
Let x = 37 + -33. Suppose -x = r, -8*r = -2*c - 12*r + 1758. What are the prime factors of c?
887
Let l = -496 - -66. List the prime factors of 18/15*(l/6)/(-1).
2, 43
Let t = 20267 - 1943. List the prime factors of 8/12*t/24.
509
Let y(w) = -627*w - 1564. List the prime factors of y(-6).
2, 7, 157
Let v = -151 - -2153. What are the prime factors of v?
2, 7, 11, 13
Let i = 319 + -320. What are the prime factors of (-10430)/(-14) + (0 - 0)*i?
5, 149
List the prime factors of (-1)/((-10)/(-4))*(-61)/(244/248280).
2, 3, 2069
Suppose 23 = d + 8*z - 13*z, 2*d + z - 35 = 0. Let w be 1*d*(20 - 19). List the prime factors of (w + -38)*14*4/(-5).
2, 7
Let c(j) be the second derivative of j**5/10 - 7*j**4/6 - 5*j**3/6 - 5*j**2 - 2*j + 60. What are the prime factors of c(8)?
2, 3, 13
Let i(h) = -3*h**2 - 32*h - 14. Let l be i(-10). Suppose 0*x + 4*x = 0. Suppose -o + l + 28 = x. List the prime factors of o.
2, 17
Suppose -863*r - 36 = -867*r. Let x(o) = 20*o + 214. List the prime factors of x(r).
2, 197
Let r(b) = -b**2 - 32*b + 32. Suppose 0 = -2*o + 5*p - 37, 5*o - 10*o - p - 133 = 0. What are the prime factors of r(o)?
2, 47
Let u = -16 + 16. List the prime factors of 3 + u + (928 - 6).
5, 37
Suppose -4*j - 2*h + 124 = 0, -10*j - 124 = -14*j + 4*h. Suppose 14*n + j*n - 58770 = 0. What are the prime factors of n?
2, 653
Let z be (-25)/75 + (-2)/6*-91. List the prime factors of (-6)/z - 8404/(-20).
2, 3, 5, 7
Let k = -24 - -37. Suppose -1 + k = 6*p. Suppose 3*s + 164 = 5*b - 393, p*b - 3*s = 230. What are the prime factors of b?
109
Let s(h) = 33*h**2 + 4*h + 535. What are the prime factors of s(-19)?
2, 3, 1031
Let h = 973 + 131. Suppose 0 = 7*i - h + 131. What are the prime factors of i?
139
Let q(k) = -2*k**2 - 7*k + 210. Let w be q(0). Suppose 0 = 3*u + 2*y - 650, -2*y + 3*y + w = u. What are the prime factors of u?
2, 107
Let b = 122 - 122. Suppose 15*k - 13*k - 358 = b.